of 33369?
9
What is the hundreds digit of 8746?
7
What is the tens digit of 1043?
4
What is the hundreds digit of 327?
3
What is the tens digit of 33565?
6
What is the hundreds digit of 2691?
6
What is the tens digit of 2165?
6
What is the thousands digit of 16585?
6
What is the ten thousands digit of 83364?
8
What is the tens digit of 9673?
7
What is the hundreds digit of 6886?
8
What is the hundreds digit of 2866?
8
What is the hundreds digit of 80726?
7
What is the tens digit of 606?
0
What is the ten thousands digit of 60441?
6
What is the tens digit of 2890?
9
What is the thousands digit of 112315?
2
What is the ten thousands digit of 82559?
8
What is the units digit of 36136?
6
What is the ten thousands digit of 47252?
4
What is the hundreds digit of 2922?
9
What is the tens digit of 3103?
0
What is the tens digit of 1603?
0
What is the tens digit of 42808?
0
What is the thousands digit of 16817?
6
What is the thousands digit of 10142?
0
What is the units digit of 1163?
3
What is the hundreds digit of 1774?
7
What is the hundreds digit of 880?
8
What is the units digit of 23618?
8
What is the tens digit of 18703?
0
What is the tens digit of 26707?
0
What is the hundreds digit of 28714?
7
What is the ten thousands digit of 45306?
4
What is the units digit of 3822?
2
What is the units digit of 1481?
1
What is the ten thousands digit of 12747?
1
What is the thousands digit of 24777?
4
What is the hundreds digit of 919?
9
What is the hundreds digit of 359?
3
What is the hundreds digit of 4653?
6
What is the ten thousands digit of 92843?
9
What is the tens digit of 537?
3
What is the tens digit of 708?
0
What is the hundreds digit of 911?
9
What is the hundreds digit of 4065?
0
What is the thousands digit of 6886?
6
What is the units digit of 6586?
6
What is the tens digit of 5126?
2
What is the units digit of 4074?
4
What is the thousands digit of 26856?
6
What is the hundreds digit of 5871?
8
What is the units digit of 6159?
9
What is the units digit of 25525?
5
What is the hundreds digit of 1460?
4
What is the thousands digit of 19802?
9
What is the thousands digit of 3772?
3
What is the tens digit of 96463?
6
What is the tens digit of 37072?
7
What is the hundreds digit of 751?
7
What is the units digit of 117399?
9
What is the thousands digit of 9912?
9
What is the units digit of 211?
1
What is the tens digit of 43793?
9
What is the units digit of 3994?
4
What is the hundreds digit of 2245?
2
What is the ten thousands digit of 33031?
3
What is the units digit of 750?
0
What is the hundreds digit of 31959?
9
What is the units digit of 1125?
5
What is the thousands digit of 17240?
7
What is the hundreds digit of 40463?
4
What is the ten thousands digit of 50186?
5
What is the hundreds digit of 1515?
5
What is the hundreds digit of 1287?
2
What is the units digit of 2017?
7
What is the units digit of 815?
5
What is the units digit of 7084?
4
What is the hundreds digit of 996?
9
What is the tens digit of 10385?
8
What is the hundreds digit of 753?
7
What is the units digit of 2009?
9
What is the thousands digit of 1316?
1
What is the tens digit of 12344?
4
What is the ten thousands digit of 83750?
8
What is the ten thousands digit of 202137?
0
What is the hundred thousands digit of 134844?
1
What is the units digit of 28502?
2
What is the tens digit of 49088?
8
What is the hundreds digit of 455?
4
What is the tens digit of 358?
5
What is the units digit of 4252?
2
What is the units digit of 24420?
0
What is the hundreds digit of 2466?
4
What is the hundreds digit of 904?
9
What is the thousands digit of 70555?
0
What is the ten thousands digit of 18465?
1
What is the units digit of 3136?
6
What is the units digit of 29020?
0
What is the hundreds digit of 1734?
7
What is the units digit of 65945?
5
What is the ten thousands digit of 10544?
1
What is the ten thousands digit of 15763?
1
What is the hundreds digit of 974?
9
What is the tens digit of 6820?
2
What is the ten thousands digit of 24575?
2
What is the ten thousands digit of 21579?
2
What is the thousands digit of 75498?
5
What is the thousands digit of 1331?
1
What is the hundreds digit of 2192?
1
What is the units digit of 29849?
9
What is the units digit of 2412?
2
What is the ten thousands digit of 19076?
1
What is the hundreds digit of 551?
5
What is the tens digit of 869?
6
What is the units digit of 4084?
4
What is the units digit of 3176?
6
What is the ten thousands digit of 16442?
1
What is the hundreds digit of 738?
7
What is the units digit of 9115?
5
What is the thousands digit of 3104?
3
What is the tens digit of 21360?
6
What is the tens digit of 4390?
9
What is the tens digit of 8415?
1
What is the thousands digit of 1549?
1
What is the thousands digit of 1136?
1
What is the tens digit of 28239?
3
What is the tens digit of 73486?
8
What is the hundreds digit of 84449?
4
What is the units digit of 181?
1
What is the tens digit of 53260?
6
What is the thousands digit of 2213?
2
What is the hundreds digit of 5954?
9
What is the units digit of 5054?
4
What is the tens digit of 3583?
8
What is the units digit of 4717?
7
What is the hundreds digit of 198?
1
What is the units digit of 1852?
2
What is the tens digit of 883?
8
What is the tens digit of 9636?
3
What is the hundreds digit of 630?
6
What is the hundreds digit of 7375?
3
What is the units digit of 5393?
3
What is the hundreds digit of 3252?
2
What is the tens digit of 5352?
5
What is the tens digit of 1146?
4
What is the hundreds digit of 22324?
3
What is the tens digit of 32344?
4
What is the tens digit of 18828?
2
What is the thousands digit of 1283?
1
What is the tens digit of 157?
5
What is the units digit of 2400?
0
What is the tens digit of 1347?
4
What is the thousands digit of 13013?
3
What is the ten thousands digit of 49032?
4
What is the tens digit of 61?
6
What is the tens digit of 40?
4
What is the hundreds digit of 94112?
1
What is the ten thousands digit of 103747?
0
What is the tens digit of 997?
9
What is the tens digit of 4578?
7
What is the thousands digit of 57473?
7
What is the units digit of 61519?
9
What is the units digit of 286?
6
What is the units digit of 1450?
0
What is the hundreds digit of 3886?
8
What is the ten thousands digit of 25205?
2
What is the hundreds digit of 571?
5
What is the units digit of 80203?
3
What is the tens digit of 732?
3
What is the hundreds digit of 799?
7
What is the tens digit of 50?
5
What is the hundreds digit of 910?
9
What is the hundreds digit of 4476?
4
What is the tens digit of 773?
7
What is the units digit of 974?
4
What is the tens digit of 60221?
2
What is the tens digit of 465?
6
What is the tens digit of 4410?
1
What is the units digit of 857?
7
What is the units digit of 1342?
2
What is the hundreds digit of 703?
7
What is the units digit of 13942?
2
What is the units digit of 14632?
2
What is the hundreds digit of 495?
4
What is the units digit of 5830?
0
What is the hundreds digit of 53625?
6
What is the hundreds digit of 5738?
7
What is the units digit of 52210?
0
What is the tens digit of 1800?
0
What is the hundreds digit of 586?
5
What is the tens digit of 1561?
6
What is the units digit of 2230?
0
What is the tens digit of 1547?
4
What is the thousands digit of 6366?
6
What is the thousands digit of 10145?
0
What is the hundreds digit of 25205?
2
What is the thousands digit of 4465?
4
What is the tens digit of 46426?
2
What is the units digit of 1809?
9
What is the thousands digit of 1287?
1
What is the tens digit of 181?
8
What is the hundreds digit of 11970?
9
What is the tens digit of 41492?
9
What is the hundreds digit of 41936?
9
What is the hundred thousands digit of 169969?
1
What is the tens digit of 2407?
0
What is the units digit of 56669?
9
What is the hundreds digit of 11971?
9
What is the hundreds digit of 3436?
4
What is the units digit of 7457?
7
What is the tens digit of 3014?
1
What is the tens digit of 47505?
0
What is the thousands digit of 6213?
6
What is the hundred thousands digit of 171391?
1
What is the tens digit of 1325?
2
What is the units digit of 9841?
1
What is the units digit of 219?
9
What is the units digit of 64325?
5
What is the thousands digit of 28115?
8
What is the units digit of 1757?
7
What is th